16. What are the prime factors of h(r)?
2, 5
Let h be (-56889)/43 + -1 + -7. Let q = h - -2685. What are the prime factors of q?
2, 677
Let o(p) = 5*p**2 + 11*p - 5. Let m = -313 + 197. Let y = m + 109. List the prime factors of o(y).
163
Let g = 468 - 472. What are the prime factors of (-1)/24*g - (-68270)/60?
2, 569
What are the prime factors of (-8)/(-16) + (-862070)/(-68)?
2, 3, 2113
Let w(h) = h**2 + 5*h - 26. Let m be w(-9). Suppose m*g - 597 = 1333. What are the prime factors of g?
193
Suppose -3*m + 56 = 50. Suppose 4*v - m*k = 4, -10*k + 8*k = 3*v - 10. Suppose -25 = -5*l, -5*l + 411 = v*i + 52. List the prime factors of i.
167
Suppose 5*w - 5*z = 35305, 3*z = -96*w + 94*w + 14122. What are the prime factors of w?
23, 307
Let b = -680 - -686. List the prime factors of (-135 - (b - 2))*-4.
2, 139
Let p be 212868/63 - 4/(-28). Suppose 26 + p = 5*n. List the prime factors of n.
3, 227
Let r(b) = 13*b + 8. Let z be r(30). Let a = 1015 - z. List the prime factors of a.
617
Let r(o) = 257*o**2 - 93*o + 1084. List the prime factors of r(10).
2, 3, 31, 139
Let i(t) = t**3 - 85*t**2 - 304*t - 138. List the prime factors of i(90).
2, 3, 11, 197
Let i(g) = -38*g + 53. Let m(s) = s**3 - 13*s**2 + 12*s + 13. Let k be m(12). Let o be i(k). Let x = o + 628. List the prime factors of x.
11, 17
Let p(g) = -g**3 + 36*g**2 - 104*g + 23. Let k be p(32). Let v = 2316 - k. What are the prime factors of v?
5, 61
Let i(n) = -2*n**3 - n**2 - 8*n - 9. Let k be i(-2). Suppose -k*y + 22460 = y. What are the prime factors of y?
1123
Let g(f) = -792*f - 1192. List the prime factors of g(-15).
2, 167
Let a be (4 - 13/1)*500/(-3). Suppose -3*i + a = 4*r - i, 3*r + 5*i - 1111 = 0. What are the prime factors of r?
13, 29
Let m be 84 + (6/4)/((-12)/(-8)). Suppose -v + m = -87. List the prime factors of v.
2, 43
Suppose 51*h = 47*h - 4. List the prime factors of (60/(-8))/(h/40).
2, 3, 5
Suppose 15 = -27*b + 96. Suppose 993 = b*g - 543. List the prime factors of g.
2
Let w = -53 - -77. Suppose 7*y - y = w. Suppose 2*b - 4*b = -4*d + 346, -351 = -y*d + b. List the prime factors of d.
89
Let g(y) = -4*y + 27. Let w be -4 - (-4 - -9 - 7). Let n be (46/(-2))/(w/(-2)). What are the prime factors of g(n)?
7, 17
List the prime factors of 3/(-12)*-2*(7 + 15765).
2, 3943
Suppose 3*s = -n + 39, 5*s - 4*n = 8 + 57. Suppose 7 = 4*q - s. Suppose 0 = 2*x - q*a - 73, -5*x + 2*a + 226 = 4*a. What are the prime factors of x?
2, 11
List the prime factors of 27402/9 + -3 - (-8 - (-160)/24).
17, 179
Suppose -27*k + 705 = -0*k - 294351. List the prime factors of k.
2, 683
Let o(c) = 2*c**3 + 12*c**2 - 2*c - 8. Suppose -n = 17 - 11. Let k be o(n). List the prime factors of (k - (79 + -1))*5/(-2).
5, 37
Suppose 11*b + 3*c + 13 = 9*b, 0 = -3*b - 5*c - 22. What are the prime factors of -3 + b - (-118 + 2 + 3)?
3, 37
Suppose -5*c - 90211 = -20*r + 17*r, 5*r = -3*c + 150261. What are the prime factors of r?
3, 43, 233
Let o = 192 + 67. Suppose 1115 - o = c. What are the prime factors of c?
2, 107
Suppose g = -f + 4, -f + g = -0 - 4. Suppose l - 26 = -3*l + 2*o, f*l - 32 = 4*o. Suppose 4*w = -8, l*i - 1111 + 309 = w. What are the prime factors of i?
2, 5
Let c = 3788 + -2090. List the prime factors of c.
2, 3, 283
Let i = 72 + -46. Let r = 29 - i. Suppose -4*s + 158 = 3*t + s, -s + 142 = r*t. List the prime factors of t.
2, 23
List the prime factors of 1 - 0 - (-3436 + (34 - 16)).
13, 263
Let u(s) = -1766*s - 107. What are the prime factors of u(-4)?
3, 773
Let g = 14002 + -7362. List the prime factors of g.
2, 5, 83
Let r = 7723 + -5837. List the prime factors of r.
2, 23, 41
Let a(q) = q**2 - 4*q + 11 + 3*q - 8*q. Let c be 19/1 - (15 - (36 - 27)). List the prime factors of a(c).
3, 7
Let v(t) = 4*t + 10. Let r be v(-4). Let j(a) = -5*a**3 + 8 + 13*a + 3*a**3 + 3*a**3 + 8*a**2. What are the prime factors of j(r)?
2
Suppose n - 5*u - 20 = 0, -2*n + 2*u = -2*u - 16. Suppose n = -3*m + m + 164. Suppose -2*p = 5*b - 45 - 134, 0 = p + b - m. List the prime factors of p.
7, 11
Suppose 0 = -3*b - b. Let y(t) = -16*t + 47. What are the prime factors of y(b)?
47
Suppose 135 + 1368 = 3*l. Let p = l + -291. What are the prime factors of p?
2, 3, 5, 7
Suppose -2*f + 5*u - 19 = 0, -5*f + 0*f - 5*u = -40. Suppose -82 - 409 = -z + f*k, -4*k = -3*z + 1453. What are the prime factors of z?
479
Let q(j) = j**3 + 20*j**2 + 9*j + 21. Let n be q(-20). Let c = 449 + n. Suppose 38*t - 43*t = -c. What are the prime factors of t?
2, 29
Suppose 0 = -5*b + c + 16415, 9836 = 72*b - 69*b + 2*c. List the prime factors of b.
2, 3, 547
Let j(b) = 16*b**2 + 10*b + 12. Let x be j(-3). What are the prime factors of (5004/x)/((-3)/(-21))?
2, 139
Let q be 2/(-1 - (-10)/14). Let f(j) = -119*j - 32. Let t(s) = 70*s + 17. Let h(x) = -4*f(x) - 7*t(x). List the prime factors of h(q).
107
What are the prime factors of ((-20433)/(-798) + (-2)/19)*(273 + 1)?
3, 17, 137
Suppose 4*x + 2*n = 1042, 2*x + n + 511 = 4*x. Let r be 6 + (-11 - (-15)/3). Suppose 4*g - 2*t - x = r, -3*g + 6*g + t - 186 = 0. List the prime factors of g.
3, 7
Let g(b) = 25*b - 302. Suppose 3*m - 66 = -3*c, 3*c + 38 = 3*m - 2*m. List the prime factors of g(m).
2, 3, 29
Let m(q) = -56*q - 101. Let p be m(-2). Suppose -p*s = -27*s + 1680. List the prime factors of s.
3, 5, 7
Suppose 4*x - 345 = -3*y, 3*y - 226 + 61 = -2*x. Suppose -3*w + 4*n + 114 = -0*w, 0 = 2*w + 2*n - x. What are the prime factors of 2590/w + 2/6?
2, 31
Let g be (-1)/((22/184)/(-11)). List the prime factors of (-456)/(-48)*g/1.
2, 19, 23
Let t(f) = f**2 - f - 2. Let v be t(3). Suppose n = -v*n. Suppose n*j = -5*j + 165. What are the prime factors of j?
3, 11
Suppose -3*m - k = -6*m + 7340, 4*m + k = 9775. What are the prime factors of m?
3, 5, 163
Let u be -1 + 38*(-510)/(-12). Suppose -8*w = -14*w + u. What are the prime factors of w?
269
Let l(z) be the second derivative of z**4/12 + 16*z**3/3 - 139*z**2/2 + 2*z - 30. What are the prime factors of l(-43)?
2, 167
Let s be ((-46)/6 - -1)/(2/(-375)). What are the prime factors of -1 - 10/(-7) - s/(-7)?
179
Let c = 1894 - -260. What are the prime factors of c?
2, 3, 359
Let j be (-874)/(0 + 2/8). Let z be 2/(-3 + 2) + j. What are the prime factors of (((-2)/3)/(-2))/((-11)/z)?
2, 53
Suppose -3*h + 0*k = -4*k - 282, 3*h + 5*k = 309. Let j = -42 + h. Suppose 3*w + 54 = 5*w - 2*s, 2*w = 4*s + j. List the prime factors of w.
2, 13
Let z(w) = -3*w**3 - w**2 - 4*w - 3. Let g be z(-1). Suppose -3*t - 549 = 3*j + 42, -5*t - g*j = 977. Let h = -85 - t. What are the prime factors of h?
2, 3
Suppose -w + 6*k - 1 = 3*k, 2*k + 2 = -2*w. Let p(r) = 231*r**2 + 1. Let z be p(w). List the prime factors of 1*(z/4 - 2) + 0.
2, 7
Let l(s) = -20*s**3 - 2*s**2 - 13*s + 50. Let w be l(-6). Let j = w - 2313. List the prime factors of j.
2063
Let x(w) = 180*w**3 - w**2 + 17*w - 22. Let f(n) = -1081*n**3 + 4*n**2 - 103*n + 131. Let r(a) = 2*f(a) + 13*x(a). What are the prime factors of r(2)?
2, 3, 5, 47
Let g(x) = 706*x**2 - 14*x - 31. Let q be g(-2). Suppose 57*n - 44716 + q = 0. What are the prime factors of n?
3, 5, 7
Suppose -4*x - 8 = -4*s, 3*x + 1 = 5*s - 17. Suppose -s*k + 4*k + 18 = 0. Suppose 1928 = -f + k*f. What are the prime factors of f?
241
Suppose -2*a + 780 = -14*a. Let k = 86 + a. Suppose -k*w + 22*w = 121. List the prime factors of w.
11
Let s(p) = -46*p**2 + 9*p - 32. Let d be s(4). Let i = -324 - d. What are the prime factors of i?
2, 3, 17
Suppose -13*f - 4*f + 25517 = 0. Suppose 11*t = 644 + f. List the prime factors of t.
3, 5, 13
Let c(w) = 5*w**2 + 49*w + 20. Let q(o) = 2*o**2 + 24*o + 10. Let i(a) = -3*c(a) + 7*q(a). Suppose -80*j - 80 = -84*j. What are the prime factors of i(j)?
2, 3, 5
Let v(t) = 16*t - 81. Let j be v(11). Suppose 0 = j*q - 99*q + 1152. List the prime factors of q.
2, 3
Let p(x) = -10*x + 19. Let k be p(-8). Suppose -r + 23 = 2*f + 2*f, -18 = f + 5*r. Suppose 2*q - k = -f*q. What are the prime factors of q?
11
Let n = 3 - 36. Let v = -31 - n. Suppose 2 = -0*o + 2*o - 4*h, 17 = v*o + h. What are the prime factors of o?
7
Let k(h) = 2*h**2 - h - 37. Let i be k(5). Suppose -i*t = -33*t + 9675. What are the prime factors of t?
3, 43
Let b(w) = 23 - 66*w + 15 - 3 + 3. List the prime factors of b(-3).
2, 59
What are the prime factors of 